{"id":282,"date":"2026-01-06T15:51:47","date_gmt":"2026-01-06T15:51:47","guid":{"rendered":"https:\/\/adeptio.ch\/?page_id=282"},"modified":"2026-01-18T11:10:58","modified_gmt":"2026-01-18T10:10:58","slug":"uber-uns","status":"publish","type":"page","link":"https:\/\/adeptio.ch\/?page_id=282","title":{"rendered":"\u00dcber uns"},"content":{"rendered":"\n<div class=\"wp-block-group alignfull has-contrast-color has-text-color has-link-color wp-elements-77479fa89ebb83c50332f7618a53a444 is-layout-flow wp-block-group-is-layout-flow\" style=\"margin-top:0;margin-bottom:0;padding-top:var(--wp--preset--spacing--30);padding-right:var(--wp--preset--spacing--50);padding-bottom:var(--wp--preset--spacing--30);padding-left:var(--wp--preset--spacing--50)\">\n<h3 class=\"wp-block-heading alignwide has-text-align-left is-style-default has-contrast-color has-text-color has-link-color wp-elements-75618acca0b3eed7c1078b699efe5aee\" style=\"font-size:5vh;letter-spacing:-0.02em\">Consultants<\/h3>\n\n\n\n<hr class=\"wp-block-separator has-alpha-channel-opacity is-style-wide\"\/>\n\n\n\n<div class=\"wp-block-group is-layout-flow wp-block-group-is-layout-flow\">\n<div style=\"height:41px\" aria-hidden=\"true\" class=\"wp-block-spacer\"><\/div>\n\n\n\n<div class=\"wp-block-group is-vertical is-content-justification-right is-layout-flex wp-container-core-group-is-layout-c0d519fa wp-block-group-is-layout-flex\">\n<div class=\"wp-block-columns is-layout-flex wp-container-core-columns-is-layout-28f84493 wp-block-columns-is-layout-flex\">\n<div class=\"wp-block-column is-layout-flow wp-block-column-is-layout-flow\" style=\"flex-basis:50%\">\n<figure class=\"wp-block-image alignleft size-full is-resized has-custom-border is-style-rounded wp-container-content-9d360ae8 wp-duotone-unset-2 is-style-rounded--1\" style=\"margin-top:var(--wp--preset--spacing--40);margin-right:0;margin-left:0\"><img loading=\"lazy\" decoding=\"async\" width=\"2560\" height=\"1707\" src=\"https:\/\/adeptio.ch\/wp-content\/uploads\/2026\/01\/Black-and-Grey-Corporate-Marketing-Coordinator-Instagram-Post-7-1-edited-1-scaled.png\" alt=\"\" class=\"wp-image-437\" style=\"border-style:none;border-width:0px;border-top-left-radius:48px;border-top-right-radius:48px;border-bottom-left-radius:48px;border-bottom-right-radius:48px;aspect-ratio:1.4993357136926015;object-fit:cover;width:416px;height:auto\" srcset=\"https:\/\/adeptio.ch\/wp-content\/uploads\/2026\/01\/Black-and-Grey-Corporate-Marketing-Coordinator-Instagram-Post-7-1-edited-1-scaled.png 2560w, https:\/\/adeptio.ch\/wp-content\/uploads\/2026\/01\/Black-and-Grey-Corporate-Marketing-Coordinator-Instagram-Post-7-1-edited-1-300x200.png 300w, https:\/\/adeptio.ch\/wp-content\/uploads\/2026\/01\/Black-and-Grey-Corporate-Marketing-Coordinator-Instagram-Post-7-1-edited-1-1024x683.png 1024w, https:\/\/adeptio.ch\/wp-content\/uploads\/2026\/01\/Black-and-Grey-Corporate-Marketing-Coordinator-Instagram-Post-7-1-edited-1-768x512.png 768w, https:\/\/adeptio.ch\/wp-content\/uploads\/2026\/01\/Black-and-Grey-Corporate-Marketing-Coordinator-Instagram-Post-7-1-edited-1-1536x1024.png 1536w, https:\/\/adeptio.ch\/wp-content\/uploads\/2026\/01\/Black-and-Grey-Corporate-Marketing-Coordinator-Instagram-Post-7-1-edited-1-2048x1365.png 2048w\" sizes=\"auto, (max-width: 2560px) 100vw, 2560px\" \/><\/figure>\n\n\n\n<div style=\"margin-top:0;margin-bottom:0;height:11px\" aria-hidden=\"true\" class=\"wp-block-spacer\"><\/div>\n\n\n\n<ul class=\"wp-block-social-links alignleft has-large-icon-size has-visible-labels has-icon-color is-style-logos-only is-horizontal is-content-justification-left is-nowrap is-layout-flex wp-container-core-social-links-is-layout-f9ad60d3 wp-block-social-links-is-layout-flex\" style=\"margin-right:0;margin-left:0\"><li style=\"color:#636363;\" class=\"wp-social-link wp-social-link-linkedin has-contrast-2-color wp-block-social-link\"><a rel=\"noopener nofollow\" target=\"_blank\" href=\"https:\/\/www.linkedin.com\/in\/rafael-pfister-013833239\/\" class=\"wp-block-social-link-anchor\"><svg width=\"24\" height=\"24\" viewBox=\"0 0 24 24\" version=\"1.1\" xmlns=\"http:\/\/www.w3.org\/2000\/svg\" aria-hidden=\"true\" focusable=\"false\"><path d=\"M19.7,3H4.3C3.582,3,3,3.582,3,4.3v15.4C3,20.418,3.582,21,4.3,21h15.4c0.718,0,1.3-0.582,1.3-1.3V4.3 C21,3.582,20.418,3,19.7,3z M8.339,18.338H5.667v-8.59h2.672V18.338z M7.004,8.574c-0.857,0-1.549-0.694-1.549-1.548 c0-0.855,0.691-1.548,1.549-1.548c0.854,0,1.547,0.694,1.547,1.548C8.551,7.881,7.858,8.574,7.004,8.574z M18.339,18.338h-2.669 v-4.177c0-0.996-0.017-2.278-1.387-2.278c-1.389,0-1.601,1.086-1.601,2.206v4.249h-2.667v-8.59h2.559v1.174h0.037 c0.356-0.675,1.227-1.387,2.526-1.387c2.703,0,3.203,1.779,3.203,4.092V18.338z\"><\/path><\/svg><span class=\"wp-block-social-link-label\">LinkedIn<\/span><\/a><\/li>\n\n<li style=\"color:#636363;\" class=\"wp-social-link wp-social-link-mail has-contrast-2-color wp-block-social-link\"><a rel=\"noopener nofollow\" target=\"_blank\" href=\"mailto:&#114;&#097;fa&#101;&#108;.&#112;f&#105;&#115;t&#101;r&#064;adept&#105;o&#046;ch\" class=\"wp-block-social-link-anchor\"><svg width=\"24\" height=\"24\" viewBox=\"0 0 24 24\" version=\"1.1\" xmlns=\"http:\/\/www.w3.org\/2000\/svg\" aria-hidden=\"true\" focusable=\"false\"><path d=\"M19,5H5c-1.1,0-2,.9-2,2v10c0,1.1.9,2,2,2h14c1.1,0,2-.9,2-2V7c0-1.1-.9-2-2-2zm.5,12c0,.3-.2.5-.5.5H5c-.3,0-.5-.2-.5-.5V9.8l7.5,5.6,7.5-5.6V17zm0-9.1L12,13.6,4.5,7.9V7c0-.3.2-.5.5-.5h14c.3,0,.5.2.5.5v.9z\"><\/path><\/svg><span class=\"wp-block-social-link-label\">Mail<\/span><\/a><\/li><\/ul>\n\n\n\n<div style=\"height:29px\" aria-hidden=\"true\" class=\"wp-block-spacer\"><\/div>\n<\/div>\n\n\n\n<div class=\"wp-block-column is-layout-flow wp-block-column-is-layout-flow\"><\/div>\n\n\n\n<div class=\"wp-block-column is-layout-flow wp-block-column-is-layout-flow\" style=\"flex-basis:50%\">\n<div class=\"wp-block-group alignwide has-global-padding is-content-justification-left is-layout-constrained wp-container-core-group-is-layout-0c56b6b9 wp-block-group-is-layout-constrained\" style=\"padding-right:0;padding-left:var(--wp--preset--spacing--40)\">\n<h3 class=\"wp-block-heading alignwide has-text-align-left has-contrast-color has-text-color has-link-color wp-elements-79c5cdb1eb29c8841416406587566422\"><strong>14 Jahre Erfahrung im Messaging-Umfeld<\/strong><\/h3>\n\n\n\n<div style=\"height:22px\" aria-hidden=\"true\" class=\"wp-block-spacer\"><\/div>\n\n\n\n<p class=\"has-contrast-1-color has-text-color has-link-color wp-elements-7c5fc6e70a5cb074a484bfa5b7c5aea2\">Seit \u00fcber 14 Jahren konzipiere, implementiere und betreibe ich anspruchsvollste Collaboration-L\u00f6sungen bei einigen der gr\u00f6ssten Firmen der Schweiz. In meiner T\u00e4tigkeit bei f\u00fchrenden Schweizer IT-Dienstleistern habe ich ein tiefgehendes <br>Know-how in der Architektur, Planung und dem Betrieb von Mail-Gateway-Infrastrukturen verschiedenster Hersteller sowie komplexer Microsoft-Exchange-Umgebungen aufgebaut.<\/p>\n\n\n\n<hr class=\"wp-block-separator has-text-color has-base-color has-alpha-channel-opacity has-base-background-color has-background is-style-wide\" style=\"margin-top:var(--wp--preset--spacing--30);margin-bottom:var(--wp--preset--spacing--30)\"\/>\n\n\n\n<h3 class=\"wp-block-heading alignwide has-text-align-left has-contrast-color has-text-color has-link-color wp-elements-8aaa5a9c52c3f2d3acdacad0dfdd9733\"><strong>Migrationsprojekte f\u00fcr komplexe Unternehmenslandschaften<\/strong><\/h3>\n\n\n\n<div style=\"height:22px\" aria-hidden=\"true\" class=\"wp-block-spacer\"><\/div>\n\n\n\n<p class=\"has-contrast-1-color has-text-color has-link-color wp-elements-ef3c43ba514a61d98bcc11ba67cd5405\">Mein Spezialgebiet sind nicht normale \u201eMailbox-Moves\u201c, sondern anspruchsvolle Transformationsszenarien: Cross-Forest-Mergers, Carve-outs, Tenant-to-Tenant-Migrationen, Hybrid-Koexistenz, Parallelbetrieb und komplexe M&amp;A Szenarien.<\/p>\n\n\n\n<hr class=\"wp-block-separator has-text-color has-base-color has-alpha-channel-opacity has-base-background-color has-background is-style-wide\" style=\"margin-top:var(--wp--preset--spacing--30);margin-bottom:var(--wp--preset--spacing--30)\"\/>\n\n\n\n<h3 class=\"wp-block-heading alignwide has-contrast-color has-text-color has-link-color wp-elements-507ee64feb4450d78122a47cfa13e762\"><strong>Koexistenz ohne Downtime<\/strong><\/h3>\n\n\n\n<div style=\"height:22px\" aria-hidden=\"true\" class=\"wp-block-spacer\"><\/div>\n\n\n\n<p class=\"has-contrast-1-color has-text-color has-link-color wp-elements-1a8eaef2aba6a4ba50b192a8c98cce08\">Ein besonderer Schwerpunkt liegt auf der Architektur sauberer Koexistenzphasen:<br>Free\/Busy-Interop, Cross-Org-Mailflow, Hybrid Modern Auth, Loadbalancing, SMTP-Namespace-Splits, Identity-Mapping, komplexe Mailrouting-Szenarien.<br><br>Dabei geht es um mehr als nur das Verschieben von Mailboxen:<\/p>\n\n\n\n<p class=\"has-contrast-1-color has-text-color has-link-color wp-elements-7d8d5d0e6c3890a5c4fcca9c88bcd239\">Re-Routing von Gateways, Journaling, sauberes Object-Matching und ImmutableID-Strategien, sichere und verlustfreie Mailflow-Umschaltungen, Wiederanbindung von X.500, ProxyAddresses und LegacyDNs<br><br>Durch meine Erfahrung bei grossen Schweizer IT-Dienstleistern kenne ich die Realit\u00e4t solcher Projekte: mehrere Active-Directory-Forests, regulatorische Anforderungen, Hybrid-Altlasten, Drittanbieter-Gateways, Archivsysteme<\/p>\n\n\n\n<hr class=\"wp-block-separator has-text-color has-base-color has-alpha-channel-opacity has-base-background-color has-background is-style-wide\" style=\"margin-top:var(--wp--preset--spacing--30);margin-bottom:var(--wp--preset--spacing--30)\"\/>\n\n\n\n<h3 class=\"wp-block-heading alignwide has-base-2-color has-text-color has-link-color wp-elements-929ca1d0d589a85324e340043873f577\"><mark style=\"background-color:rgba(0, 0, 0, 0)\" class=\"has-inline-color has-contrast-color\"><strong>Enterprise-Mail-Gateways, Secure Mailflow &amp; High-Volume Messaging<\/strong><\/mark><\/h3>\n\n\n\n<div style=\"height:22px\" aria-hidden=\"true\" class=\"wp-block-spacer\"><\/div>\n\n\n\n<p class=\"has-contrast-1-color has-text-color has-link-color wp-elements-07d008895ed6cfc20da81b250aaf361e\">Auf folgenden Plattformen verf\u00fcge ich \u00fcber tiefgehende Projekterfahrung<\/p>\n\n\n\n<div style=\"height:22px\" aria-hidden=\"true\" class=\"wp-block-spacer\"><\/div>\n\n\n\n<ul class=\"wp-block-list\">\n<li>HIN &amp; SEPPmail (Cloud und lokales Gateway)<\/li>\n\n\n\n<li>Totemo SecureMail \/ Kiteworks<\/li>\n\n\n\n<li>Cisco ESA \/ SMA<\/li>\n<\/ul>\n\n\n\n<ul class=\"wp-block-list\">\n<li>FortiMail<\/li>\n<\/ul>\n\n\n\n<ul class=\"wp-block-list\">\n<li>Open Systems Secure Email Gateway<\/li>\n<\/ul>\n\n\n\n<ul class=\"wp-block-list\">\n<li>Proofpoint Secure Email Gateway<\/li>\n<\/ul>\n\n\n\n<ul class=\"wp-block-list\">\n<li>Barracuda Email Security Gateway<\/li>\n<\/ul>\n\n\n\n<div style=\"height:21px\" aria-hidden=\"true\" class=\"wp-block-spacer\"><\/div>\n\n\n\n<p><strong>Spezialszenarien:<\/strong><\/p>\n\n\n\n<div style=\"height:24px\" aria-hidden=\"true\" class=\"wp-block-spacer\"><\/div>\n\n\n\n<ul class=\"wp-block-list\">\n<li>Hohe Peak-Lasten (z. B. Lohnl\u00e4ufe, Rechnungsversand)<\/li>\n<\/ul>\n\n\n\n<ul class=\"wp-block-list\">\n<li>Transaktionales Mailing (Passwort-Resets, Alarmierung, SMS-Versand)<\/li>\n<\/ul>\n\n\n\n<ul class=\"wp-block-list\">\n<li>Marketing- und Kampagnenmailing<\/li>\n<\/ul>\n\n\n\n<ul class=\"wp-block-list\">\n<li>Multi-Tenant- und Whitelabel-Plattformen<\/li>\n\n\n\n<li>E-Mail Authentisierung (SPF, DKIM, DMARC, ARC, etc.)<\/li>\n<\/ul>\n<\/div>\n<\/div>\n<\/div>\n\n\n\n<div class=\"wp-block-group is-content-justification-right is-nowrap is-layout-flex wp-container-core-group-is-layout-369f395c wp-block-group-is-layout-flex\"><\/div>\n<\/div>\n<\/div>\n\n\n\n<div style=\"height:82px\" aria-hidden=\"true\" class=\"wp-block-spacer\"><\/div>\n\n\n\n<h3 class=\"wp-block-heading alignwide has-text-align-left is-style-default has-contrast-color has-text-color has-link-color wp-elements-17361b4182d7b6af681f3cb9c6dd78ed\" style=\"font-size:5vh;letter-spacing:0em\">Partner-Netzwerk<\/h3>\n\n\n\n<hr class=\"wp-block-separator has-alpha-channel-opacity is-style-wide\"\/>\n\n\n\n<div class=\"wp-block-group is-layout-flow wp-block-group-is-layout-flow\">\n<div style=\"height:31px\" aria-hidden=\"true\" class=\"wp-block-spacer\"><\/div>\n\n\n\n<div class=\"wp-block-group is-vertical is-content-justification-right is-layout-flex wp-container-core-group-is-layout-c0d519fa wp-block-group-is-layout-flex\">\n<div class=\"wp-block-columns is-layout-flex wp-container-core-columns-is-layout-28f84493 wp-block-columns-is-layout-flex\">\n<div class=\"wp-block-column is-layout-flow wp-block-column-is-layout-flow\" style=\"flex-basis:50%\">\n<figure class=\"wp-block-image alignright size-full has-custom-border is-style-rounded wp-container-content-9d360ae8 wp-duotone-unset-4 is-style-rounded--3\" style=\"margin-top:0;margin-right:0;margin-left:0\"><img loading=\"lazy\" decoding=\"async\" width=\"2560\" height=\"711\" src=\"https:\/\/adeptio.ch\/wp-content\/uploads\/2024\/01\/Kopie-von-Black-and-Grey-Corporate-Marketing-Coordinator-Instagram-Post-3-scaled.png\" alt=\"\" class=\"wp-image-498\" style=\"border-style:none;border-width:0px;border-top-left-radius:0px;border-top-right-radius:0px;border-bottom-left-radius:0px;border-bottom-right-radius:0px\" srcset=\"https:\/\/adeptio.ch\/wp-content\/uploads\/2024\/01\/Kopie-von-Black-and-Grey-Corporate-Marketing-Coordinator-Instagram-Post-3-scaled.png 2560w, https:\/\/adeptio.ch\/wp-content\/uploads\/2024\/01\/Kopie-von-Black-and-Grey-Corporate-Marketing-Coordinator-Instagram-Post-3-300x83.png 300w, https:\/\/adeptio.ch\/wp-content\/uploads\/2024\/01\/Kopie-von-Black-and-Grey-Corporate-Marketing-Coordinator-Instagram-Post-3-1024x285.png 1024w, https:\/\/adeptio.ch\/wp-content\/uploads\/2024\/01\/Kopie-von-Black-and-Grey-Corporate-Marketing-Coordinator-Instagram-Post-3-768x213.png 768w, https:\/\/adeptio.ch\/wp-content\/uploads\/2024\/01\/Kopie-von-Black-and-Grey-Corporate-Marketing-Coordinator-Instagram-Post-3-1536x427.png 1536w, https:\/\/adeptio.ch\/wp-content\/uploads\/2024\/01\/Kopie-von-Black-and-Grey-Corporate-Marketing-Coordinator-Instagram-Post-3-2048x569.png 2048w\" sizes=\"auto, (max-width: 2560px) 100vw, 2560px\" \/><\/figure>\n\n\n\n<div style=\"height:0px\" aria-hidden=\"true\" class=\"wp-block-spacer\"><\/div>\n\n\n\n<ul class=\"wp-block-social-links has-large-icon-size has-visible-labels has-icon-color is-style-logos-only is-horizontal is-content-justification-right is-nowrap is-layout-flex wp-container-core-social-links-is-layout-185d511d wp-block-social-links-is-layout-flex\" style=\"margin-right:var(--wp--preset--spacing--20)\"><li style=\"color:#636363;\" class=\"wp-social-link wp-social-link-chain has-contrast-2-color wp-block-social-link\"><a rel=\"noopener nofollow\" target=\"_blank\" href=\"https:\/\/itmc.ch\/referenzen\/\" class=\"wp-block-social-link-anchor\"><svg width=\"24\" height=\"24\" viewBox=\"0 0 24 24\" version=\"1.1\" xmlns=\"http:\/\/www.w3.org\/2000\/svg\" aria-hidden=\"true\" focusable=\"false\"><path d=\"M15.6,7.2H14v1.5h1.6c2,0,3.7,1.7,3.7,3.7s-1.7,3.7-3.7,3.7H14v1.5h1.6c2.8,0,5.2-2.3,5.2-5.2,0-2.9-2.3-5.2-5.2-5.2zM4.7,12.4c0-2,1.7-3.7,3.7-3.7H10V7.2H8.4c-2.9,0-5.2,2.3-5.2,5.2,0,2.9,2.3,5.2,5.2,5.2H10v-1.5H8.4c-2,0-3.7-1.7-3.7-3.7zm4.6.9h5.3v-1.5H9.3v1.5z\"><\/path><\/svg><span class=\"wp-block-social-link-label\">Referenzen<\/span><\/a><\/li><\/ul>\n\n\n\n<div style=\"height:29px\" aria-hidden=\"true\" class=\"wp-block-spacer\"><\/div>\n<\/div>\n\n\n\n<div class=\"wp-block-column is-layout-flow wp-block-column-is-layout-flow\"><\/div>\n\n\n\n<div class=\"wp-block-column is-layout-flow wp-block-column-is-layout-flow\" style=\"flex-basis:50%\">\n<div class=\"wp-block-group alignwide has-global-padding is-content-justification-left is-layout-constrained wp-container-core-group-is-layout-0c56b6b9 wp-block-group-is-layout-constrained\" style=\"padding-right:0;padding-left:var(--wp--preset--spacing--40)\">\n<h3 class=\"wp-block-heading alignwide has-text-align-left has-contrast-color has-text-color has-link-color wp-elements-3fe1436837dd41a9e4a579335e7f3ff7\"><strong>\u00dcber ITMC<\/strong><\/h3>\n\n\n\n<div style=\"height:22px\" aria-hidden=\"true\" class=\"wp-block-spacer\"><\/div>\n\n\n\n<p>F\u00fcr mehrschichtige Projekte arbeiten wir mit Partnern aus dem ITMC-Netzwerk zusammen. ITMC wurde 1991 gegr\u00fcndet und agiert als ein Netzwerk erfahrener Berater. Bei ITMC \u201ekocht der Chef selbst\u201c \u2013 es gibt keine \u201eJuniors\u201c, die unsere Projekte umsetzen.&nbsp;<\/p>\n\n\n\n<div style=\"height:40px\" aria-hidden=\"true\" class=\"wp-block-spacer\"><\/div>\n\n\n\n<p>Was das f\u00fcr Sie bedeutet: Derjenige Partner, der sie betreut bleibt Ihnen als Ansprechpartner erhalten und tr\u00e4gt langfristig Verantwortung f\u00fcr die Ergebnisse.&nbsp;Zus\u00e4tzliche Ressourcen k\u00f6nnen jedoch jederzeit aus dem Netzwerk aktiviert werden.<\/p>\n\n\n\n<hr class=\"wp-block-separator has-text-color has-base-color has-alpha-channel-opacity has-base-background-color has-background is-style-wide\" style=\"margin-top:var(--wp--preset--spacing--30);margin-bottom:var(--wp--preset--spacing--30)\"\/>\n\n\n\n<h3 class=\"wp-block-heading alignwide has-text-align-left has-contrast-color has-text-color has-link-color wp-elements-cc2189d57d268d2aa987c446e00cc487\"><strong>IT Strategie<\/strong><\/h3>\n\n\n\n<div style=\"height:22px\" aria-hidden=\"true\" class=\"wp-block-spacer\"><\/div>\n\n\n\n<p class=\"has-contrast-1-color has-text-color has-link-color wp-elements-637fb455729007c2d16e325af6c5964d\">ITMC verf\u00fcgt \u00fcber ausgewiesene Kompetenzen in der IT-Strategie-Entwicklung mit methodischem Ansatz. Diese Kompetenz hat sie bei diversen <a href=\"https:\/\/itmc.ch\/referenzen\/\">Kunden<\/a> unter Beweis gestellt.<\/p>\n\n\n\n<hr class=\"wp-block-separator has-text-color has-base-color has-alpha-channel-opacity has-base-background-color has-background is-style-wide\" style=\"margin-top:var(--wp--preset--spacing--30);margin-bottom:var(--wp--preset--spacing--30)\"\/>\n\n\n\n<h3 class=\"wp-block-heading alignwide has-contrast-color has-text-color has-link-color wp-elements-ae96af67a2fb790d0b5889a7d5560718\"><strong>Transformation<\/strong><\/h3>\n\n\n\n<div style=\"height:22px\" aria-hidden=\"true\" class=\"wp-block-spacer\"><\/div>\n\n\n\n<p class=\"has-contrast-1-color has-text-color has-link-color wp-elements-2f4695bd4d5d6bdf35f604846f396258\">Wir bleiben nicht bei der Strategieberatung stehen, sondern \u00fcbernehmen auf Wunsch auch Verantwortung f\u00fcr die Umsetzung. ITMC bietet fokussierte Beratung auf das Wesentliche \u2013 keine jahrelangen Dauerprojekte, keine Abh\u00e4ngigkeit vom Berater.<\/p>\n\n\n\n<hr class=\"wp-block-separator has-text-color has-base-color has-alpha-channel-opacity has-base-background-color has-background is-style-wide\" style=\"margin-top:var(--wp--preset--spacing--30);margin-bottom:var(--wp--preset--spacing--30)\"\/>\n\n\n\n<h3 class=\"wp-block-heading alignwide has-base-2-color has-text-color has-link-color wp-elements-e1aea9aec258dc69c2a2c1a81fb458c5\"><mark style=\"background-color:rgba(0, 0, 0, 0)\" class=\"has-inline-color has-contrast-color\"><strong>Enterprise Architektur<\/strong><\/mark><\/h3>\n\n\n\n<div style=\"height:22px\" aria-hidden=\"true\" class=\"wp-block-spacer\"><\/div>\n\n\n\n<p class=\"has-contrast-1-color has-text-color has-link-color wp-elements-c2aa651ba2a4b4bff63e6beec1f6369c\">ITMC ist sich dar\u00fcber im Klaren, dass die traditionellen Ans\u00e4tze in der EA (z.B. Top-Down Vorgaben, Fokus auf Synergien \/ Effizienz) oft nicht mehr sinnvoll sind. Es braucht EA, aber sie muss auch mit schnellen Ver\u00e4nderungen umgehen k\u00f6nnen, und sie muss vor allem Mitarbeiter einbeziehen und in der Breite Wirkung erzielen. <\/p>\n\n\n\n<div style=\"height:40px\" aria-hidden=\"true\" class=\"wp-block-spacer\"><\/div>\n\n\n\n<p class=\"has-contrast-1-color has-text-color has-link-color wp-elements-64b5d21adcfea7ce09a064f6023a8b02\">ITMC entwickelt mit Ihnen die passenden Ans\u00e4tze, die Governance, w\u00e4hlen pragmatisch Tools aus (langj\u00e4hrige Erfahrung mit vielen Tools \u2013 wir sind unabh\u00e4ngig). Wir modellieren mit Ihnen und verankern EA-Arbeit in den operativen Prozessen.<\/p>\n\n\n\n<div style=\"height:22px\" aria-hidden=\"true\" class=\"wp-block-spacer\"><\/div>\n\n\n\n<hr class=\"wp-block-separator has-text-color has-base-color has-alpha-channel-opacity has-base-background-color has-background is-style-wide\" style=\"margin-top:var(--wp--preset--spacing--30);margin-bottom:var(--wp--preset--spacing--30)\"\/>\n\n\n\n<h3 class=\"wp-block-heading alignwide has-base-2-color has-text-color has-link-color wp-elements-fbe1dfb266e540bdf73d84011d5dfb83\"><mark style=\"background-color:rgba(0, 0, 0, 0)\" class=\"has-inline-color has-contrast-color\"><strong>Risk &amp; Review<\/strong><\/mark><\/h3>\n\n\n\n<div style=\"height:22px\" aria-hidden=\"true\" class=\"wp-block-spacer\"><\/div>\n\n\n\n<p class=\"has-contrast-1-color has-text-color has-link-color wp-elements-534ea817532429e57da0aba77cf0abeb\">Die ITMC-Experten verf\u00fcgen \u00fcber langj\u00e4hriges KnowHow beim Risk-Management. Einerseits spielen wir die Rolle des neutralen Risikomanagers \u2013 aber wir dringen auf Wunsch auch tiefer vor und liefern Ans\u00e4tze zum Verst\u00e4ndnis der tieferen Ursachen von Risiken und erstellen unabh\u00e4ngige Reviews zur Verbesserung von Projektergebnissen.<\/p>\n\n\n\n<div style=\"margin-top:var(--wp--preset--spacing--10);margin-bottom:0;height:12px;width:0px\" aria-hidden=\"true\" class=\"wp-block-spacer\"><\/div>\n\n\n\n<hr class=\"wp-block-separator has-text-color has-base-color has-alpha-channel-opacity has-base-background-color has-background is-style-wide\" style=\"margin-top:var(--wp--preset--spacing--30);margin-bottom:var(--wp--preset--spacing--30)\"\/>\n\n\n\n<div style=\"margin-top:var(--wp--preset--spacing--10);margin-bottom:0;height:14px;width:0px\" aria-hidden=\"true\" class=\"wp-block-spacer\"><\/div>\n\n\n\n<h3 class=\"wp-block-heading alignwide has-base-2-color has-text-color has-link-color wp-elements-ffd2b13c0b7b44286e30fb333f7f80c2\"><mark style=\"background-color:rgba(0, 0, 0, 0)\" class=\"has-inline-color has-contrast-color\"><strong>Security<\/strong><\/mark><\/h3>\n\n\n\n<div style=\"height:22px\" aria-hidden=\"true\" class=\"wp-block-spacer\"><\/div>\n\n\n\n<p class=\"has-contrast-1-color has-text-color has-link-color wp-elements-23223a2ed5df12bd92067723d35f9e24\">Wir stehen Ihnen mit unseren Security-Experten zur Verf\u00fcgung und bilden die Br\u00fccke zu fachlicher Sicht, Strategie und Unternehmensarchitektur.<\/p>\n\n\n\n<div style=\"height:31px\" aria-hidden=\"true\" class=\"wp-block-spacer\"><\/div>\n\n\n\n<p>Mit unserem methodischen Ansatz \u00abLiving Security\u00bb entkoppeln wir die Sichten von Business und Technologie auf IT Security. Anstatt f\u00fcr jedes Projekt aufs Neue Detailkonzepte zu erstellen, werden Cluster bzw. Stufen identifiziert, die sich zur gleiche Sicherheitsanforderungen auszeichnen. Die Massnahmen werden dann pro Cluster definiert. Somit reicht es aus, jede Applikation zu einer Stufe zuzuordnen.<\/p>\n\n\n\n<div style=\"height:40px\" aria-hidden=\"true\" class=\"wp-block-spacer\"><\/div>\n\n\n\n<p class=\"has-contrast-1-color has-text-color has-link-color wp-elements-de6ec699874ed9dad1d04fe2491f053f\">Die Implementierung der Massnahmen und auch das Audit der Umsetzung sind dann eine reine technische Aufgabe, von der Sie Projektleiter und Business Owner entlasten k\u00f6nnen.<\/p>\n\n\n\n<div style=\"margin-top:var(--wp--preset--spacing--10);margin-bottom:0;height:1rem;width:0px\" aria-hidden=\"true\" class=\"wp-block-spacer\"><\/div>\n<\/div>\n<\/div>\n<\/div>\n\n\n\n<div class=\"wp-block-group is-content-justification-right is-nowrap is-layout-flex wp-container-core-group-is-layout-369f395c wp-block-group-is-layout-flex\"><\/div>\n<\/div>\n<\/div>\n<\/div>\n\n\n<footer class=\"wp-block-template-part\"><\/footer>","protected":false},"excerpt":{"rendered":"<p>Consultants 14 Jahre Erfahrung im Messaging-Umfeld Seit \u00fcber 14 Jahren konzipiere, implementiere und betreibe ich anspruchsvollste Collaboration-L\u00f6sungen bei einigen der gr\u00f6ssten Firmen der Schweiz. In meiner T\u00e4tigkeit bei f\u00fchrenden Schweizer IT-Dienstleistern habe ich ein tiefgehendes Know-how in der Architektur, Planung und dem Betrieb von Mail-Gateway-Infrastrukturen verschiedenster Hersteller sowie komplexer Microsoft-Exchange-Umgebungen aufgebaut. Migrationsprojekte f\u00fcr komplexe Unternehmenslandschaften [&hellip;]<\/p>\n","protected":false},"author":1,"featured_media":0,"parent":0,"menu_order":0,"comment_status":"closed","ping_status":"closed","template":"page-no-title","meta":{"footnotes":""},"class_list":["post-282","page","type-page","status-publish","hentry"],"_links":{"self":[{"href":"https:\/\/adeptio.ch\/index.php?rest_route=\/wp\/v2\/pages\/282","targetHints":{"allow":["GET"]}}],"collection":[{"href":"https:\/\/adeptio.ch\/index.php?rest_route=\/wp\/v2\/pages"}],"about":[{"href":"https:\/\/adeptio.ch\/index.php?rest_route=\/wp\/v2\/types\/page"}],"author":[{"embeddable":true,"href":"https:\/\/adeptio.ch\/index.php?rest_route=\/wp\/v2\/users\/1"}],"replies":[{"embeddable":true,"href":"https:\/\/adeptio.ch\/index.php?rest_route=%2Fwp%2Fv2%2Fcomments&post=282"}],"version-history":[{"count":23,"href":"https:\/\/adeptio.ch\/index.php?rest_route=\/wp\/v2\/pages\/282\/revisions"}],"predecessor-version":[{"id":614,"href":"https:\/\/adeptio.ch\/index.php?rest_route=\/wp\/v2\/pages\/282\/revisions\/614"}],"wp:attachment":[{"href":"https:\/\/adeptio.ch\/index.php?rest_route=%2Fwp%2Fv2%2Fmedia&parent=282"}],"curies":[{"name":"wp","href":"https:\/\/api.w.org\/{rel}","templated":true}]}}